 n**3 + n**2 - n - 1. Let x(y) = -6*y**3 - 16*y**2 + 10*y + 35. Let g(t) = -5*p(t) - x(t). What are the prime factors of g(-11)?
5
Let k(i) = 2*i**2 - 17*i - 7. Let o be k(-23). Suppose 0 = 2*v + 2*y - 956, -2*y + 7*y + o = 3*v. What are the prime factors of v?
479
Let z = 1064 - -607. Let m = z - 837. List the prime factors of m.
2, 3, 139
Let l be (0/1)/(22 + -23). Suppose -v + 3*o + 1398 = l, 3*v - 4*o = -0*o + 4179. List the prime factors of v.
3, 463
Suppose -42 = z - 66. Suppose -3*q + q + z = 0. List the prime factors of ((-223)/(-5) - 1) + q/(-20).
43
Let h(q) = -62*q - 21. Let u be h(2). Let o = u - -270. List the prime factors of o.
5
Let t = 3648 + 705. What are the prime factors of t?
3, 1451
Suppose 51*d + 104315 - 686225 = 0. What are the prime factors of d?
2, 5, 7, 163
Let z = -33 + 23. Let p(y) = -9*y - 2. Let f(g) = -26*g - 6. Let u(v) = z*p(v) + 3*f(v). List the prime factors of u(4).
2, 5
Let p = 226 - 226. Suppose 3*i + n = 756, p = -2*i - 3*n + 227 + 270. What are the prime factors of i?
11, 23
Let g(t) = 14*t + 194. Let k be g(-15). Let r be 6/(-10) + 6/(-15). What are the prime factors of -15 - k - (r - 133)?
3, 5
Suppose -3*x + 9 = -3*f - 12, 5*x + 3*f - 35 = 0. Let s be x/3 + (-1)/3. Suppose s*w - 304 = -2*w. List the prime factors of w.
2, 19
Suppose -d - 1 - 6 = -2*k, 7 = -4*k - 5*d. Suppose -k*r - 2*a = -544, 5*r - 2*a = a + 1384. What are the prime factors of r?
5, 11
Suppose -13*p - 158 = 24. Let w be (-22)/p + (-30)/(-70). Suppose w*g + 5*z - 4 = 0, 6*g - g = -2*z + 10. List the prime factors of g.
2
Let d = -625 - -625. Suppose d = -26*i + 23*i + 1005. What are the prime factors of i?
5, 67
What are the prime factors of (0 + 204)*(-3700)/(-150)?
2, 17, 37
Suppose -3*c + 1961 + 550 = -3*i, -4*c + 3388 = 4*i. Suppose -19*g + c = -70. What are the prime factors of g?
2, 3
Let d(w) = 77*w + 28 - 46 + 30. List the prime factors of d(4).
2, 5
Suppose -4*m = -4*h - 9*m + 32, -4*h + 5*m = -32. Suppose 10 = 9*b - h*b. Let x = b - -54. What are the prime factors of x?
2
Suppose 2*q + 49 = 2*i + 11, 2*i + 10 = 0. Let h be (-32)/3 - q/36. Let p = 178 + h. What are the prime factors of p?
2, 3, 7
Suppose -189*t = -239*t + 251650. What are the prime factors of t?
7, 719
Let f(t) = -7395*t + 53. What are the prime factors of f(-1)?
2, 7, 19
Let a be (162954/(-22))/((-9)/(-6)*-1). Suppose 0 = -5*i + b + a, -5*i - 31*b + 29*b = -4944. List the prime factors of i.
2, 13, 19
Suppose -h - 4*f + 8026 = 0, 5*f = 3*h - 30497 + 6487. List the prime factors of h.
2, 3, 5, 89
Let r(j) = -7*j**3 - 7*j**2 - 12*j - 27. Let l be r(-5). Let i = l - 683. List the prime factors of i.
2, 5
Let a = 40482 - -42248. What are the prime factors of a?
2, 5, 8273
Let c = 414 - 677. Let o = c - -429. List the prime factors of o.
2, 83
Let b(a) be the third derivative of -503*a**4/24 - 3*a**3/2 - 46*a**2. List the prime factors of b(-1).
2, 13, 19
Suppose 1045750 - 142960 = 19*m + 86*m. List the prime factors of m.
2, 3, 1433
Suppose -4*b + 9*b = 3*b + 48066. List the prime factors of b.
3, 8011
Let x(j) be the third derivative of 97*j**5/60 - j**4/24 + j**3/2 + 143*j**2 + 2. List the prime factors of x(-2).
3, 131
Let k be 72/(-15)*1 + (-9)/45. What are the prime factors of ((2 - 47) + (-2)/(-1))*k?
5, 43
Suppose -2*s + 1683 = 285. Suppose 9*k - 30 = s. List the prime factors of k.
3
Let z be (-8)/2 - (-7 - (-24)/8). Let u be 9*(-2)/24*-4. Suppose 0 = -z*o + u*o - 33. List the prime factors of o.
11
Let w(y) be the third derivative of y**6/120 - y**4/12 + 263*y**3/3 + 81*y**2. What are the prime factors of w(0)?
2, 263
Suppose 0 = 4*v + 12, 0 = 4*p + 5*v - 2239 - 722. Let l = -23 - -28. Suppose -s + 2*x = -2*s + 156, -p = -l*s - x. What are the prime factors of s?
2, 37
Let v = 94 - 93. Let j(c) = 12*c**3 - v + 1 - 30*c**3 - 2*c - 2*c**2. What are the prime factors of j(-2)?
2, 5, 7
Suppose -24 = -2*j - 20. Suppose j*g = -x + 94, -4*x + x + 270 = 3*g. List the prime factors of x.
2, 43
Suppose -276883 = -52*j + 530548 + 169441. List the prime factors of j.
2, 3, 31, 101
Let x(m) = -m**3 + 14*m**2 + 14*m - 39. Let o = -101 + 114. What are the prime factors of x(o)?
2, 3, 13
List the prime factors of 346/(30/4815*3).
107, 173
Let i = 36037 + -17067. What are the prime factors of i?
2, 5, 7, 271
Let w = 1802 + -749. What are the prime factors of w?
3, 13
Suppose 79*g = 81*g - 2556. Let s = -404 + g. What are the prime factors of s?
2, 19, 23
Let y(i) = i**2 + i - 1. Let d(f) = 32*f**2 + f + 8. Let w(n) = d(n) + 3*y(n). Let j be w(-2). Suppose -872 + j = -7*m. What are the prime factors of m?
3, 5, 7
List the prime factors of (-775)/10*(-4128)/30.
2, 31, 43
Let l = -15378 - -31470. List the prime factors of l.
2, 3, 149
Let w(o) = 24178*o**3 + 38*o + 3*o**2 - 24179*o**3 + 10*o**2 - 214. List the prime factors of w(7).
2, 173
Suppose -5*r = -3*r + 88. What are the prime factors of 1086/2 - (37 + r)?
2, 5, 11
Suppose -100997 = -48*z + 296761 + 108882. What are the prime factors of z?
5, 2111
Suppose 583776 + 8259648 = 350*z - 2002026. What are the prime factors of z?
3, 11, 313
Suppose -65*r + 2*w = -68*r + 8990, 4*w + 14976 = 5*r. List the prime factors of r.
2, 7, 107
Let n be (-9)/21*(-1 - 24/4). Suppose 129 = 5*t + q, 5*t - n*q = 78 + 55. Suppose 165 = t*z - 21*z. What are the prime factors of z?
3, 11
Suppose -2*q - q - 42 = 0. Let k be q/35*(0 - -10). What are the prime factors of (-8)/(-16) - 326/k?
2, 41
Let i(a) be the first derivative of 11*a**2 + 33 - 4*a**2 - a + 14*a + 9*a. List the prime factors of i(8).
2, 67
Let h(a) = 4829*a**2 - 29*a + 45. List the prime factors of h(2).
97, 199
Let z be (8 - 7) + -1 + 2 + 1. Suppose 0*o = 2*o + z*v - 767, -v - 1909 = -5*o. What are the prime factors of o?
2, 191
Let f(l) = -11*l**3 - 10*l**2 - 24*l - 17. Let s(d) = -d**2 + 27*d - 187. Let w be s(14). List the prime factors of f(w).
2, 307
Let a(i) = -191*i**3 - 4*i**2 - 28*i - 7. List the prime factors of a(-4).
5, 11, 223
Suppose -200 = 2*s + 2*j, 5*s = 3*s - 5*j - 209. Let y be (s/5)/((-12)/60). Let u = y + -18. List the prime factors of u.
79
Let a = 10869 - -6925. List the prime factors of a.
2, 7, 31, 41
Suppose -2*o + 19 = -0*o + 5*p, -2*o + 3*p - 21 = 0. What are the prime factors of ((-4)/(-16)*35)/(o/(-156))?
5, 7, 13
Let a be ((-231)/55 + 5)*15/2. List the prime factors of 26752/55 + -2 - a/(-10).
5, 97
Let q(i) = -3*i**3 - 13*i**2 - 61*i + 28. What are the prime factors of q(-10)?
2, 7, 167
Let s(z) = -4*z + 18. Let d be s(6). Let j be 4/(-3)*((-21)/d - 5). Suppose 0*b - 5*h - 151 = -b, -4*b + 582 = j*h. List the prime factors of b.
2, 73
Let f(g) = -5951*g + 2317. List the prime factors of f(-5).
2, 19, 211
Let u(k) be the first derivative of -k**4/4 + 16*k**3/3 - 8*k**2 + 3*k + 2. What are the prime factors of u(13)?
2, 151
Suppose -56*w = -63*w + 32144. Suppose -19*y = -33*y + w. List the prime factors of y.
2, 41
Suppose -806242 + 214357 = -63*d. List the prime factors of d.
5, 1879
Suppose 3*m = -6*j + 30288, 0 = m - 4*j + 7*j - 10092. What are the prime factors of m?
2, 3, 421
Suppose 1921 = -f + 2*f. Let w = 3476 - f. What are the prime factors of w?
5, 311
Let d(p) be the second derivative of 31*p**6/720 + 23*p**5/120 + 10*p**4/3 + 3*p + 10. Let a(q) be the third derivative of d(q). List the prime factors of a(7).
2, 3, 5
Let q(v) = 8*v**3 + 4*v**2 - v - 2. Let g be q(1). Suppose -2*d - g = -53. Suppose 2*m + d = 174. List the prime factors of m.
2, 19
Let d(n) = -2*n**3 - 24*n**2 - 88*n - 564. List the prime factors of d(-20).
2, 3, 211
Let c(f) = f**3 + 26*f**2 + f + 39. Let o be c(-26). List the prime factors of (-15)/(-9) - o/((-195)/17150).
5, 229
Let q(z) = 13*z**3 + z**2 + 68*z - 10. List the prime factors of q(8).
2, 3, 13, 31
Let w(x) = 2*x**3 - 33*x**2 + 189*x + 245. What are the prime factors of w(32)?
3, 31, 409
Let y(p) = -445*p - 186. Let f be y(-6). Suppose 45*k - f = 1701. List the prime factors of k.
3, 31
Let t(l) = l**3 - 17*l**2 + 15*l - 3. Let d be t(11). Let p = 501 - d. List the prime factors of p.
3, 5, 71
Let q be 3*46/(-24)*-4. Let x(h) = 5*h - 18. Let p be x(q). Let y = p - 66. List the prime factors of y.
31
Let j = -1880 + 3422. Suppose 2559 = 5*a - 2*l, 2*l - 3*l = 3*a - j. Suppose -8*v + a = -87. List 